{"id":7073,"date":"2020-04-13T09:11:26","date_gmt":"2020-04-13T14:11:26","guid":{"rendered":"http:\/\/www.coomulsap.com\/portal\/?page_id=7073"},"modified":"2025-04-08T12:12:17","modified_gmt":"2025-04-08T17:12:17","slug":"cemco-certificado","status":"publish","type":"page","link":"https:\/\/www.coomulsap.com\/portal\/cemco-certificado\/","title":{"rendered":"CEMCO &#8211; Certificados"},"content":{"rendered":"<p><section id=\"bt_section69d762cf48d47\"  class=\"boldSection topLargeSpaced bottomExtraSmallSpaced gutter inherit wBackground cover btBackgroundOverlay btSolidDarkBackground\" style=\"background-image:url('https:\/\/www.coomulsap.com\/portal\/wp-content\/uploads\/2020\/07\/Portada.jpg');\"><div class=\"port\"><div class=\"boldCell\"><div class=\"boldCellInner\"><div class=\"boldRow \" ><div class=\"boldRowInner\"><div class=\"rowItem col-md-12 col-ms-12  btTextRight inherit btDarkSkin\"  data-width=\"12\"><div class=\"rowItemContent\" ><div class=\"btClear btSeparator topSemiSpaced bottomSpaced noBorder\" ><hr><\/div><header class=\"header btClear extralarge\" ><div class=\"btSuperTitle\"><span>CEMCO<\/span><\/div><div class=\"dash\"><h1><span class=\"headline\">Certificados<\/span><\/h1><\/div><\/header><\/div><\/div><\/div><\/div><\/div><\/div><\/div><\/section><section id=\"bt_section69d762cf48f26\"  class=\"boldSection topSpaced bottomSpaced gutter inherit\" style=\"background-color:#e8e8e8;\"><div class=\"port\"><div class=\"boldCell\"><div class=\"boldCellInner\"><div class=\"boldRow \" ><div class=\"boldRowInner\"><div class=\"rowItem col-md-6 col-sm-12 btTextLeft\"  data-width=\"6\"><div class=\"rowItemContent\" ><div class=\"btText\" ><\/p>\n<h3>CERTIFICADO SISTEMA DE GESTI\u00d3N<\/h3>\n<p>International Certification and Training certifica que el sistema de gesti\u00f3n ha sido auditado y cumple con los requisitos de la norma:<\/p>\n<p>NTC 5555:2011<\/p>\n<p>Para el alcance:<br \/>\nFormaci\u00f3n para el Trabajo y el Desarrollo Humano a trav\u00e9s de los Programas: T\u00e9cnico Laboral en Atenci\u00f3n Integral a la Primera Infancia, T\u00e9cnico Laboral en Producci\u00f3n de Alimentos, T\u00e9cnico Laboral como Auxiliar Administrativo y T\u00e9cnico Laboral como Auxiliar en Contabilidad y Finanzas y el Programa de Formaci\u00f3n Acad\u00e9mica en Ingl\u00e9s niveles A1, A2, B1, B2.<\/p>\n<p><a href=\"http:\/\/www.coomulsap.com\/portal\/wp-content\/uploads\/2020\/04\/CENTRO-DE-ESTUDIOS-EMPRESARIALES-COOMULSAP-CEMCO-NTC-5555.pdf\">CENTRO DE ESTUDIOS EMPRESARIALES COOMULSAP-CEMCO- NTC 5555<\/a><\/p>\n<p>\n<\/div><\/div><\/div><div class=\"rowItem col-md-6 col-sm-12 btTextLeft\"  data-width=\"6\"><div class=\"rowItemContent\" ><div class=\"btText\" ><\/div><div class=\"bpgPhoto \" ><div class = \"btImage\"><img src=\"https:\/\/www.coomulsap.com\/portal\/wp-content\/uploads\/2020\/04\/ntc5555-320x468.png\" alt=\"\" title=\"\"><\/div><\/div><\/div><\/div><\/div><\/div><\/div><\/div><\/div><\/section><section id=\"bt_section69d762cf49304\"  class=\"boldSection topSpaced bottomSpaced gutter inherit\" style=\"background-color:#e8e8e8;\"><div class=\"port\"><div class=\"boldCell\"><div class=\"boldCellInner\"><div class=\"boldRow \" ><div class=\"boldRowInner\"><div class=\"rowItem col-md-6 col-sm-12 btTextLeft\"  data-width=\"6\"><div class=\"rowItemContent\" ><div class=\"btText\" ><\/p>\n<h3>CERTIFICADO REQUISITOS DE CALIDAD<\/h3>\n<p>International Certification and Training certifica que los requisitos de calidad han sido auditados y cumplen con la norma:<\/p>\n<p>NTC 5580:2011<\/p>\n<p>Para el alcance:<br \/>\nPrograma de Formaci\u00f3n Acad\u00e9mica en Ingl\u00e9s niveles A1,<br \/>\nA2, B1, B2.<\/p>\n<p><a href=\"http:\/\/www.coomulsap.com\/portal\/wp-content\/uploads\/2020\/04\/CENTRO-DE-ESTUDIOS-EMPRESARIALES-COOMULSAP-CEMCO-NTC-5580.pdf\">CENTRO DE ESTUDIOS EMPRESARIALES COOMULSAP-CEMCO- NTC 5580<\/a><\/p>\n<p>\n<\/div><\/div><\/div><div class=\"rowItem col-md-6 col-sm-12 btTextLeft\"  data-width=\"6\"><div class=\"rowItemContent\" ><div class=\"btText\" ><\/div><div class=\"bpgPhoto \" ><div class = \"btImage\"><img src=\"https:\/\/www.coomulsap.com\/portal\/wp-content\/uploads\/2020\/04\/ntc5580-320x454.png\" alt=\"\" title=\"\"><\/div><\/div><\/div><\/div><\/div><\/div><\/div><\/div><\/div><\/section><section id=\"bt_section69d762cf495fe\"  class=\"boldSection topSpaced bottomSpaced gutter inherit\" style=\"background-color:#e8e8e8;\"><div class=\"port\"><div class=\"boldCell\"><div class=\"boldCellInner\"><div class=\"boldRow \" ><div class=\"boldRowInner\"><div class=\"rowItem col-md-6 col-sm-12 btTextLeft\"  data-width=\"6\"><div class=\"rowItemContent\" ><div class=\"btText\" ><\/p>\n<h3>CERTIFICADO REQUISITOS DE CALIDAD<\/h3>\n<p>International Certification and Training certifica que el sistema de gesti\u00f3n ha sido auditado y cumple con los requisitos de la norma:<\/p>\n<p>NTC 5581:2011<\/p>\n<p>Para el alcance:<br \/>\nProgramas: T\u00e9cnico Laboral en Atenci\u00f3n Integral a la Primera Infancia, T\u00e9cnico Laboral en Producci\u00f3n de Alimentos, T\u00e9cnico Laboral como Auxiliar Administrativo y T\u00e9cnico Laboral como Auxiliar en Contabilidad y Finanzas.<\/p>\n<p><a href=\"http:\/\/www.coomulsap.com\/portal\/wp-content\/uploads\/2020\/04\/CENTRO-DE-ESTUDIOS-EMPRESARIALES-COOMULSAP-CEMCO-NTC-5581.pdf\">CENTRO DE ESTUDIOS EMPRESARIALES COOMULSAP-CEMCO- NTC 5581<\/a><\/p>\n<p>\n<\/div><\/div><\/div><div class=\"rowItem col-md-6 col-sm-12 btTextLeft\"  data-width=\"6\"><div class=\"rowItemContent\" ><div class=\"btText\" ><\/div><div class=\"bpgPhoto \" ><div class = \"btImage\"><img src=\"https:\/\/www.coomulsap.com\/portal\/wp-content\/uploads\/2020\/04\/ntc5581-320x457.png\" alt=\"\" title=\"\"><\/div><\/div><\/div><\/div><\/div><\/div><\/div><\/div><\/div><\/section><\/p>\n","protected":false},"excerpt":{"rendered":"","protected":false},"author":1,"featured_media":0,"parent":0,"menu_order":0,"comment_status":"closed","ping_status":"closed","template":"","meta":[],"_links":{"self":[{"href":"https:\/\/www.coomulsap.com\/portal\/wp-json\/wp\/v2\/pages\/7073"}],"collection":[{"href":"https:\/\/www.coomulsap.com\/portal\/wp-json\/wp\/v2\/pages"}],"about":[{"href":"https:\/\/www.coomulsap.com\/portal\/wp-json\/wp\/v2\/types\/page"}],"author":[{"embeddable":true,"href":"https:\/\/www.coomulsap.com\/portal\/wp-json\/wp\/v2\/users\/1"}],"replies":[{"embeddable":true,"href":"https:\/\/www.coomulsap.com\/portal\/wp-json\/wp\/v2\/comments?post=7073"}],"version-history":[{"count":9,"href":"https:\/\/www.coomulsap.com\/portal\/wp-json\/wp\/v2\/pages\/7073\/revisions"}],"predecessor-version":[{"id":7399,"href":"https:\/\/www.coomulsap.com\/portal\/wp-json\/wp\/v2\/pages\/7073\/revisions\/7399"}],"wp:attachment":[{"href":"https:\/\/www.coomulsap.com\/portal\/wp-json\/wp\/v2\/media?parent=7073"}],"curies":[{"name":"wp","href":"https:\/\/api.w.org\/{rel}","templated":true}]}}