{"id":8123,"date":"2025-04-01T08:31:43","date_gmt":"2025-04-01T13:31:43","guid":{"rendered":"https:\/\/www.coomulsap.com\/portal\/?page_id=8123"},"modified":"2025-04-01T09:07:48","modified_gmt":"2025-04-01T14:07:48","slug":"postula-tu-hoja-de-vida","status":"publish","type":"page","link":"https:\/\/www.coomulsap.com\/portal\/cemco-2\/postula-tu-hoja-de-vida\/","title":{"rendered":"Postula tu hoja de vida"},"content":{"rendered":"<section id=\"bt_section69f9fe86c2e78\"  class=\"boldSection gutter\" ><div class=\"port\"><div class=\"boldCell\"><div class=\"boldCellInner\"><div class=\"boldRow \" ><div class=\"boldRowInner\"><div class=\"rowItem col-md-12 col-ms-12  btTextLeft\"  data-width=\"12\"><div class=\"rowItemContent\" ><div class=\"btClear btSeparator topSpaced bottomSmallSpaced noBorder\" ><hr><\/div><header class=\"header btClear medium\" ><div class=\"dash\"><h3><span class=\"headline\">Postula tu Hoja de Vida<\/span><\/h3><\/div><\/header><div class=\"btClear btSeparator bottomSpaced noBorder\" ><hr><\/div><div class=\"boldRow \" ><div class=\"boldRowInner\"><div class=\"rowItem rowInnerItem col-lg-12  btTextLeft\"  ><div class=\"rowItemContent\"><div class=\"btText\" ><\/p>\n<p><span style=\"font-weight: 400;\"><img loading=\"lazy\" class=\"alignnone size-full wp-image-8125 aligncenter\" src=\"https:\/\/www.coomulsap.com\/portal\/wp-content\/uploads\/2025\/04\/ASENOF.png\" alt=\"\" width=\"348\" height=\"122\" srcset=\"https:\/\/www.coomulsap.com\/portal\/wp-content\/uploads\/2025\/04\/ASENOF.png 348w, https:\/\/www.coomulsap.com\/portal\/wp-content\/uploads\/2025\/04\/ASENOF-320x112.png 320w\" sizes=\"(max-width: 348px) 100vw, 348px\" \/><\/span><\/p>\n<p><span style=\"font-weight: 400;\">Dentro del convenio que se tienen con la agencia de empleo Asociaci\u00f3n de instituciones de formaci\u00f3n para el trabajo, ASENOF, queremos brindarles un apoyo constante y personalizado a nuestros estudiantes y egresados. A continuaci\u00f3n, compartimos informaci\u00f3n esencial que les permitir\u00e1 aprovechar al m\u00e1ximo los servicios que prestan.\u00a0<\/span><\/p>\n<p>&nbsp;<\/p>\n<p><b>Participa de la Bolsa de Empleo<\/b><\/p>\n<p><span style=\"font-weight: 400;\">Los invitamos a que accedan a la bolsa de empleo exclusiva, donde encontrar\u00e1n oportunidades laborales adaptadas a sus perfiles T\u00e9cnicos laborales.\u00a0<\/span><\/p>\n<p><b>Enlace a la p\u00e1gina\u00a0 de Asenof<br \/>\n<\/b><span style=\"font-weight: 400;\">\u00a0<\/span><a href=\"https:\/\/prestadores.serviciodeempleo.gov.co\/Agencia\/DetalleNotifReg.aspx?C=1\"><i><span style=\"font-weight: 400;\">https:\/\/prestadores.serviciodeempleo.gov.co\/Agencia\/DetalleNotifReg.aspx?C=1<\/span><\/i><\/a><span style=\"font-weight: 400;\">\u00a0\u00a0<\/span><\/p>\n<p><b>Enlaces de registro para que los egresados y estudiantes puedan inscribir sus hojas de<\/b> <b>vida<\/b><span style=\"font-weight: 400;\">\u00a0 <\/span><a href=\"https:\/\/personas.serviciodeempleo.gov.co\/login.aspx\"><i><span style=\"font-weight: 400;\">https:\/\/personas.serviciodeempleo.gov.co\/login.aspx<\/span><\/i><\/a><i><span style=\"font-weight: 400;\">\u00a0<\/span><\/i><\/p>\n<p>&nbsp;<\/p>\n<p><span style=\"font-weight: 400;\">Estamos aqu\u00ed para apoyarles en cada paso de su camino. Aprovechen estos recursos valiosos y fortalezcan su futuro laboral con la Agencia de Empleo Asenof.\u00a0<\/span><\/p>\n<p>\n<\/div><\/div><\/div><\/div><\/div><div class=\"btClear btSeparator bottomSpaced noBorder\" ><hr><\/div><\/div><\/div><\/div><\/div><\/div><\/div><\/div><\/section>\n","protected":false},"excerpt":{"rendered":"","protected":false},"author":1,"featured_media":0,"parent":6472,"menu_order":0,"comment_status":"closed","ping_status":"closed","template":"","meta":[],"_links":{"self":[{"href":"https:\/\/www.coomulsap.com\/portal\/wp-json\/wp\/v2\/pages\/8123"}],"collection":[{"href":"https:\/\/www.coomulsap.com\/portal\/wp-json\/wp\/v2\/pages"}],"about":[{"href":"https:\/\/www.coomulsap.com\/portal\/wp-json\/wp\/v2\/types\/page"}],"author":[{"embeddable":true,"href":"https:\/\/www.coomulsap.com\/portal\/wp-json\/wp\/v2\/users\/1"}],"replies":[{"embeddable":true,"href":"https:\/\/www.coomulsap.com\/portal\/wp-json\/wp\/v2\/comments?post=8123"}],"version-history":[{"count":4,"href":"https:\/\/www.coomulsap.com\/portal\/wp-json\/wp\/v2\/pages\/8123\/revisions"}],"predecessor-version":[{"id":8128,"href":"https:\/\/www.coomulsap.com\/portal\/wp-json\/wp\/v2\/pages\/8123\/revisions\/8128"}],"up":[{"embeddable":true,"href":"https:\/\/www.coomulsap.com\/portal\/wp-json\/wp\/v2\/pages\/6472"}],"wp:attachment":[{"href":"https:\/\/www.coomulsap.com\/portal\/wp-json\/wp\/v2\/media?parent=8123"}],"curies":[{"name":"wp","href":"https:\/\/api.w.org\/{rel}","templated":true}]}}